{"id":71,"date":"2021-11-13T23:28:56","date_gmt":"2021-11-13T22:28:56","guid":{"rendered":"http:\/\/www.metoopolitique.fr\/?page_id=71"},"modified":"2021-11-15T10:56:01","modified_gmt":"2021-11-15T09:56:01","slug":"ici-les-partis-sengagent","status":"publish","type":"page","link":"https:\/\/metoopolitique.groupe.info\/?page_id=71","title":{"rendered":"Cadres de partis politiques, vous pouvez vous engager ici"},"content":{"rendered":"\n<p class=\"has-text-color has-tiles-lg-font-size\" style=\"color:#cf2e2e\"><strong>En tant que cadre d&rsquo;un parti politique, repr\u00e9sentant\u00b7e d&rsquo;un mouvement politique, nous nous engageons \u00e0 conduire une campagne et \u00e0 exercer nos fonctions politiques en respectant les droits des femmes qui composent nos rangs. <\/strong><\/p>\n\n\n\n<ul class=\"wp-block-list\"><li>Je m\u2019engage \u00e0 ne pas investir de personne mis en cause pour violences sexistes ou sexuelles<\/li><li>Je m\u2019engage \u00e0 de pas donner mon parrainage \u00e0 une personne mis en cause pour violences sexistes ou sexuelles<\/li><li>Je m\u2019engage \u00e0 ne pas embaucher (\u00e9quipe de campagne, \u00e9quipe de collaborateur.ice.s\u2026) une personne mis en cause pour violences sexistes ou sexuelles<\/li><\/ul>\n\n\n\n<div class=\"wp-block-uagb-forms uagb-forms__outer-wrap uagb-block-db89e291 uagb-forms__medium-btn\"><form class=\"uagb-forms-main-form\" method=\"post\" name=\"uagb-form-db89e291\">\n<div class=\"wp-block-uagb-forms-name uagb-forms-name-wrap uagb-forms-field-set uagb-block-0d74018c\"><div class=\"uagb-forms-name-label obligatoire uagb-forms-input-label\" id=\"0d74018c\">Pr\u00e9nom<\/div><input type=\"text\" placeholder=\"John\" required class=\"uagb-forms-name-input uagb-forms-input\" name=\"0d74018c\"\/><\/div>\n\n\n\n<div class=\"wp-block-uagb-forms-name uagb-forms-name-wrap uagb-forms-field-set uagb-block-7e23cdcc\"><div class=\"uagb-forms-name-label obligatoire uagb-forms-input-label\" id=\"7e23cdcc\">Nom de Famille<\/div><input type=\"text\" placeholder=\"Doe\" required class=\"uagb-forms-name-input uagb-forms-input\" name=\"7e23cdcc\"\/><\/div>\n\n\n\n<div class=\"wp-block-uagb-forms-email uagb-forms-email-wrap uagb-forms-field-set uagb-block-3eb54e22\"><div class=\"uagb-forms-email-label  uagb-forms-input-label\" id=\"3eb54e22\">E-mail<\/div><input type=\"email\" class=\"uagb-forms-email-input uagb-forms-input\" placeholder=\"exemple@mail.com\" name=\"3eb54e22\"\/><\/div>\n\n\n\n<div class=\"wp-block-uagb-forms-textarea uagb-forms-textarea-wrap uagb-forms-field-set uagb-block-1283f402\"><div class=\"uagb-forms-textarea-label obligatoire uagb-forms-input-label\" id=\"1283f402\">Fonction, parti politique<\/div><textarea required class=\"uagb-forms-textarea-input uagb-forms-input\" rows=\"3\" placeholder=\"Saisissez votre message\" name=\"1283f402\"><\/textarea><\/div>\n<div class=\"uagb-forms-form-hidden-data\"><input type=\"hidden\" class=\"uagb_forms_form_label\" value=\"Formulaire UAG\"\/><input type=\"hidden\" class=\"uagb_forms_form_id\" value=\"uagb-form-db89e291\"\/><\/div><div class=\"uagb-forms-main-submit-button-wrap\"><button class=\"uagb-forms-main-submit-button\"><div class=\"uagb-forms-main-submit-button-text\">Envoyer<\/div><\/button><\/div><\/form><div class=\"uagb-forms-success-message-db89e291 uagb-forms-submit-message-hide\"><span>Le formulaire a bien \u00e9t\u00e9 envoy\u00e9\u00a0!<\/span><\/div><div class=\"uagb-forms-failed-message-db89e291 uagb-forms-submit-message-hide\"><span>Une erreur s\u2019est produite lors de l\u2019envoi du formulaire. Veuillez v\u00e9rifier \u00e0 nouveau tous les champs du formulaire.<\/span><\/div><\/div>\n\n\n\n<p><\/p>\n\n\n\n<p>Le choix du terme \u00ab\u00a0mis en cause\u00a0\u00bb a fait l\u2019objet d\u2019une r\u00e9flexion approfondie. Aucun autre terme n\u2019est pleinement satisfaisant : <\/p>\n\n\n\n<p>&#8211; on ne peut pas obliger une victime \u00e0 porter plainte (\u00e0 peine 12% des victimes de viol portent plainte),<\/p>\n\n\n\n<p>&#8211; on ne peut pas attendre un long processus judiciaire quand on sait que l\u2019immense majorit\u00e9 des plaintes sont class\u00e9es ou font l\u2019objet d\u2019un non-lieu (un 1% des viols aboutissent \u00e0 une condamnation),<\/p>\n\n\n\n<p>&#8211; on ne pas objectiver la gravit\u00e9 des comportements en fonction de la multiplicit\u00e9 des victimes ou non. En effet, \u00e0 partir de quel moment peut on commencer \u00e0 consid\u00e9rer qu&rsquo;une accusation est s\u00e9rieuse ? 10 mains aux fesses sur 10 victimes ? 1 viol sur une victime ? <\/p>\n\n\n\n<p>De surcroit, il nous est souvent dit que des cabales pourraient \u00eatre organis\u00e9es pour \u00ab\u00a0d\u00e9truire\u00a0\u00bb des carri\u00e8res d&rsquo;hommes. C&rsquo;est compl\u00e8tement illusoire : Combien d&rsquo;hommes ont eu leur carri\u00e8re d\u00e9truite, m\u00eame avec des accusations dont on sait qu&rsquo;elles sont fond\u00e9es ? Aucun. <\/p>\n\n\n\n<p>C&rsquo;est \u00e0 chaque parti d&rsquo;\u00eatre \u00e0 m\u00eame d\u2019\u00e9couter la parole des victimes, et d\u2019inventer des solutions pour la prendre en compte, et de refuser de continuer selon des r\u00e8gles hypocrites.<\/p>\n","protected":false},"excerpt":{"rendered":"<p>En tant que cadre d&rsquo;un parti politique, repr\u00e9sentant\u00b7e d&rsquo;un mouvement politique, nous nous engageons \u00e0 conduire une campagne et \u00e0 exercer nos fonctions politiques en respectant les droits des femmes qui composent nos rangs. Je m\u2019engage \u00e0 ne pas investir de personne mis en cause pour violences sexistes ou sexuelles Je m\u2019engage \u00e0 de pas &hellip; <a href=\"https:\/\/metoopolitique.groupe.info\/?page_id=71\" class=\"more-link\">Continuer la lecture de <span class=\"screen-reader-text\">Cadres de partis politiques, vous pouvez vous engager ici<\/span><\/a><\/p>\n","protected":false},"author":1,"featured_media":0,"parent":107,"menu_order":0,"comment_status":"closed","ping_status":"closed","template":"","meta":{"footnotes":""},"class_list":["post-71","page","type-page","status-publish","hentry"],"uagb_featured_image_src":{"full":false,"thumbnail":false,"medium":false,"medium_large":false,"large":false,"1536x1536":false,"2048x2048":false,"post-thumbnail":false},"uagb_author_info":{"display_name":"metoopolitique","author_link":"https:\/\/metoopolitique.groupe.info\/?author=1"},"uagb_comment_info":0,"uagb_excerpt":"En tant que cadre d&rsquo;un parti politique, repr\u00e9sentant\u00b7e d&rsquo;un mouvement politique, nous nous engageons \u00e0 conduire une campagne et \u00e0 exercer nos fonctions politiques en respectant les droits des femmes qui composent nos rangs. Je m\u2019engage \u00e0 ne pas investir de personne mis en cause pour violences sexistes ou sexuelles Je m\u2019engage \u00e0 de pas\u2026","_links":{"self":[{"href":"https:\/\/metoopolitique.groupe.info\/index.php?rest_route=\/wp\/v2\/pages\/71","targetHints":{"allow":["GET"]}}],"collection":[{"href":"https:\/\/metoopolitique.groupe.info\/index.php?rest_route=\/wp\/v2\/pages"}],"about":[{"href":"https:\/\/metoopolitique.groupe.info\/index.php?rest_route=\/wp\/v2\/types\/page"}],"author":[{"embeddable":true,"href":"https:\/\/metoopolitique.groupe.info\/index.php?rest_route=\/wp\/v2\/users\/1"}],"replies":[{"embeddable":true,"href":"https:\/\/metoopolitique.groupe.info\/index.php?rest_route=%2Fwp%2Fv2%2Fcomments&post=71"}],"version-history":[{"count":13,"href":"https:\/\/metoopolitique.groupe.info\/index.php?rest_route=\/wp\/v2\/pages\/71\/revisions"}],"predecessor-version":[{"id":262,"href":"https:\/\/metoopolitique.groupe.info\/index.php?rest_route=\/wp\/v2\/pages\/71\/revisions\/262"}],"up":[{"embeddable":true,"href":"https:\/\/metoopolitique.groupe.info\/index.php?rest_route=\/wp\/v2\/pages\/107"}],"wp:attachment":[{"href":"https:\/\/metoopolitique.groupe.info\/index.php?rest_route=%2Fwp%2Fv2%2Fmedia&parent=71"}],"curies":[{"name":"wp","href":"https:\/\/api.w.org\/{rel}","templated":true}]}}